{"id":7,"date":"2013-04-01T23:59:14","date_gmt":"2013-04-01T22:59:14","guid":{"rendered":"http:\/\/ncsemke.de\/?page_id=7"},"modified":"2015-02-05T09:13:31","modified_gmt":"2015-02-05T08:13:31","slug":"computer","status":"publish","type":"page","link":"https:\/\/ncsemke.de\/?page_id=7","title":{"rendered":"Computer"},"content":{"rendered":"<p>In der heutigen IT-Welt ist der Begriff Computer vielf\u00e4ltige Anwendungen: vom Desktop-PC \u00fcber Laptops hin zu Servern, aber auch die kleinen Technikwunder wie Tablets und Smartphones oder RaspberryPis sind inzwischen g\u00e4ngige Endger\u00e4te, die den Gro\u00dfen in der Leistung nicht mehr viel nachstehen. Darum ist es immer wichtig, das richtiges System zum geforderten Einsatzgebiet zu finden und zu implementieren.<\/p>\n<p><strong>Genau hier setzt meine Arbeit an,<\/strong>\u00a0denn das Wichtigste ist, die Bed\u00fcrfnisse, Gegebenheiten, finanziellen Spielr\u00e4ume und das Ziel zu kennen, um das richtige Produkt oder auch eine Kombination zu platzieren.<\/p>\n<p>&nbsp;<\/p>\n<p><strong>Server<\/strong><\/p>\n<p>Im Serverbereich arbeite ich sehr eng mit <a href=\"https:\/\/www.happyware.com\/\" target=\"_blank\">HappyWare<\/a>\u00a0 zusammen,<strong>\u00a0<\/strong>dem deutschen Zulieferer von SuperMicro.<br \/>\nDadurch kann ich\u00a0Ihnen eine sehr individuelle Konfiguration anbieten, die genau auf Ihre Bed\u00fcrfnisse zugeschnitten ist und qualitativ\u00a0den h\u00f6chsten Anspr\u00fcchen entspricht.<\/p>\n<p>&nbsp;<\/p>\n<p><strong>Monitoring<\/strong><\/p>\n<p>Zu jeder guten Infrastruktur geh\u00f6rt aber auch eine \u00dcberwachung der Systeme. Hier greife ich auf eine jahrelange Erfahrung mit Nagios und Derivaten zur\u00fcck, die ich als\u00a0Managed Service anbiete oder lokal bei Ihnen einrichten kann &#8211; je nach Anforderung.<\/p>\n","protected":false},"excerpt":{"rendered":"<p>In der heutigen IT-Welt ist der Begriff Computer vielf\u00e4ltige Anwendungen: vom Desktop-PC \u00fcber Laptops hin zu Servern, aber auch die kleinen Technikwunder wie Tablets und Smartphones oder RaspberryPis sind inzwischen g\u00e4ngige Endger\u00e4te, die den Gro\u00dfen in der Leistung nicht mehr viel nachstehen. Darum ist es immer wichtig, das richtiges System zum geforderten Einsatzgebiet zu finden [&hellip;]<\/p>\n","protected":false},"author":3,"featured_media":0,"parent":0,"menu_order":1,"comment_status":"closed","ping_status":"closed","template":"","meta":{"footnotes":""},"class_list":["post-7","page","type-page","status-publish","hentry"],"_links":{"self":[{"href":"https:\/\/ncsemke.de\/index.php?rest_route=\/wp\/v2\/pages\/7","targetHints":{"allow":["GET"]}}],"collection":[{"href":"https:\/\/ncsemke.de\/index.php?rest_route=\/wp\/v2\/pages"}],"about":[{"href":"https:\/\/ncsemke.de\/index.php?rest_route=\/wp\/v2\/types\/page"}],"author":[{"embeddable":true,"href":"https:\/\/ncsemke.de\/index.php?rest_route=\/wp\/v2\/users\/3"}],"replies":[{"embeddable":true,"href":"https:\/\/ncsemke.de\/index.php?rest_route=%2Fwp%2Fv2%2Fcomments&post=7"}],"version-history":[{"count":5,"href":"https:\/\/ncsemke.de\/index.php?rest_route=\/wp\/v2\/pages\/7\/revisions"}],"predecessor-version":[{"id":105,"href":"https:\/\/ncsemke.de\/index.php?rest_route=\/wp\/v2\/pages\/7\/revisions\/105"}],"wp:attachment":[{"href":"https:\/\/ncsemke.de\/index.php?rest_route=%2Fwp%2Fv2%2Fmedia&parent=7"}],"curies":[{"name":"wp","href":"https:\/\/api.w.org\/{rel}","templated":true}]}}